n factor of 40 and f?
10
Let n = 17547 - 17211. Calculate the highest common divisor of 119 and n.
7
Suppose c = 2*c - 9. Let p be (0 + -1 + (11 - 9))*c. What is the greatest common factor of 153 and p?
9
Suppose -31 = -a + 2*a. Suppose 0 = -21*i - 136 - 74. Let v = i - a. What is the highest common divisor of v and 14?
7
Let q be ((-3864)/(-18))/(-46)*39/(-2). Suppose 2*a + 0*a + 3*l - 436 = 0, -661 = -3*a - l. What is the highest common factor of q and a?
13
Let o(q) = -q. Let r be o(-1). Let d(y) = 7*y - 36. Let a be d(6). Suppose 0 = 2*b - 8, t - 5*b + 65 = a*t. Calculate the highest common factor of r and t.
1
Suppose 5*f + 2*y - 955 = 0, f + 9*y - 174 = 12*y. Let a(i) = 5*i + 126. Let l be a(-21). Calculate the greatest common divisor of f and l.
21
Let y be ((-111)/7)/((-2)/14) + -2*3. What is the highest common divisor of 3060 and y?
15
Suppose 2*o - 29 + 13 = 4*d, 13 = -o - 5*d. Let m(u) = u**3 - 15 - 11*u**o - 20 + 16*u + 11. Let k be m(11). Calculate the greatest common divisor of 19 and k.
19
Let c(p) = p**3 + 13*p**2 - 5*p - 7. Let v(o) = o - 28. Let a be v(15). Let m be c(a). What is the highest common divisor of m and 29?
29
Let l = 19429 + -17749. Calculate the highest common divisor of l and 480.
240
Suppose -3*o + 5144 = 5*a, 5*a + 33*o - 38*o = 5120. What is the highest common factor of 13 and a?
13
Let u(n) = -n**2 - 23*n + 50. Let j be u(-23). Let t be (22/3 + 1)*-3. Let d = 45 + t. Calculate the greatest common factor of d and j.
10
Let z(u) = 2*u**2 - 4 - 4 + 11 + 7*u**2 - u**3. Let k be z(9). Suppose s - 48 = -15*s. What is the highest common factor of k and s?
3
Let k(s) = -14*s + 4*s**2 + 27*s + 12 - 6*s**2. Let a be k(7). Let f be a/((2/(-1))/((-24)/10)). Calculate the greatest common factor of f and 4.
2
Let s = -60782 - -86633. What is the highest common factor of s and 42?
21
Let w(y) = y**3 - 6*y**2 + 8*y - 6. Suppose 3*k = 4*r - 30, 0 = r - 4*k - 7 - 7. Let x be w(r). Calculate the greatest common divisor of 231 and x.
21
Let f(b) = b**2 - 38*b - 367. Let d be f(-8). What is the highest common divisor of d and 2251?
1
Let k(h) be the third derivative of -h**4/2 - 136*h**3/3 - 29*h**2 - h. Let u be k(-29). What is the greatest common factor of 38 and u?
38
Suppose -5*l = 3208 - 22258. Calculate the greatest common divisor of 127 and l.
127
Let u(i) = -90*i - 650. Let m be u(-8). Calculate the highest common divisor of 1162 and m.
14
Suppose 0 = -4*g - 8, 5*j + 704 = 9*j - 2*g. Let s = j + -139. Suppose 4*k = -4*c - k + 154, 5*k = c - 26. What is the highest common factor of s and c?
36
Let m(x) = 2*x**2 - 7*x + 5. Let p be m(5). Let d be p/(-35) + (-214)/(-7). Let k be ((-26)/(-6) + 4/(-2))*d. What is the highest common divisor of 14 and k?
14
Suppose 2552 = 7*t + 4*t. Suppose -23*w + t = -44. Calculate the highest common factor of 60 and w.
12
Suppose 2*t + g - 10 = 0, -t - 10*g = -14*g + 4. Let s be 0 - (3 - 3)/(-3). Let j be (-2 - (s + -3))/1. What is the greatest common divisor of j and t?
1
Let f(k) = 24*k + 26. Let t be f(-1). Let a be (-940)/(-15) - (t + 35/(-15)). Calculate the highest common factor of a and 9.
9
Suppose 2*k - 10*g + 5 = -15*g, 4*g = 5*k - 4. Suppose 2*h + 72 - 202 = k. What is the greatest common divisor of h and 5?
5
Let v be (((-468)/14)/(14/(-98)))/((-10)/(-15)). Calculate the highest common factor of 1161 and v.
27
Suppose 0 = -4*n - c + 10, 2*n + 4 = 5*n - c. Suppose 2*o - 3*t - 35 = 0, o = 2*o - n*t - 15. Calculate the greatest common divisor of 125 and o.
25
Let n = 4759 - 4381. Calculate the greatest common factor of 966 and n.
42
Suppose -5*o + 25 = -2135. Let x be 27/(6 + 3) - (-1 + -2). Suppose 7*d - 48 = x*d. Calculate the highest common factor of d and o.
48
Suppose 32*z - 11*s + 9783 = 36*z, 5*s = -5*z + 12220. Calculate the highest common divisor of 21 and z.
7
Let a(u) = -6*u**3 - u**2 - 4*u + 7. Let x be a(5). Let c be x/(-14) - (-2)/(-7). Let y = 202172 + -202158. What is the highest common factor of c and y?
14
Let m be 900/(3 - -6) - (0 + 1). Suppose -18*a + 462 = -11*a. What is the highest common factor of m and a?
33
Suppose -2*x + 1130 = -5*w + 10*w, -5*w = 15*x - 8540. Calculate the greatest common factor of 510 and x.
30
Suppose 3*r - 17 = -2*f, 40 = 5*r + f - 0*f. Let c(t) = -4*t**2 - 104*t - 441. Let s be c(-9). Calculate the highest common factor of r and s.
9
Suppose -16*y + 316 + 52 = 0. Let p be ((-1)/(-2))/(y/414). Let o(z) = -z**3 - 2*z**2 - 3*z - 3. Let h be o(-2). Calculate the highest common factor of h and p.
3
Suppose 7*n = 126 + 210. What is the greatest common divisor of n and 1024?
16
Let p(f) = -f - 1. Let u be p(-11). Suppose 284 = u*r - 226. Calculate the greatest common factor of 85 and r.
17
Let z = 67 - 70. Let x be (-344)/z + 2/6 + -1. Suppose x = 9*g - 129. Calculate the greatest common divisor of g and 27.
27
Suppose -314*b + 315*b = 690. Let h(t) = -t + 51. Let z be h(21). What is the highest common factor of z and b?
30
Let a(o) = -18*o - 76. Let w be a(-5). Suppose -368 = -w*q - 2*q. What is the greatest common divisor of 161 and q?
23
Let s(v) = v**3 + 60*v**2 - 76*v - 702. Let i be s(-61). What is the highest common factor of i and 9088?
71
Let q be 74*(-9)/(-90)*(14 - 9). Let v be (-1626)/(-4) + 2/4. Calculate the greatest common factor of q and v.
37
Suppose -7*t + 8*t = -y - 3, 0 = -4*t - 20. Suppose -5*l - y*p = -1196, -3*l - p = l - 958. What is the greatest common factor of l and 48?
48
Let c(r) = 275*r**2 - 14*r - 16. Let t be c(-1). Calculate the greatest common divisor of 1183 and t.
91
Suppose 283*i = -120*i + 9672. Calculate the highest common divisor of i and 3736.
8
Let b be (7 - 54/12)/((-5)/(-130)). What is the greatest common factor of b and 45?
5
Suppose -2*c - 144 = 4*c. Let l be 4/(-3*(-4)/c). Let z(s) = -s**3 - 8*s**2 - 4*s + 13. Let w be z(l). What is the greatest common factor of w and 30?
15
Let u = -29111 - -39220. Calculate the highest common factor of u and 11.
11
Let z be (370/1295)/(2/112). What is the highest common factor of 6632 and z?
8
Let b be -10572*(0 + (-3)/18)*-4. Let z be b/(-24) + (5/(-3) - -3). Calculate the highest common divisor of z and 59.
59
Suppose -28*j = 180 - 660 - 136. Calculate the highest common divisor of 206 and j.
2
Let m be (-1 - -11)/((8/(-54))/(-2)). Let l = 174 - m. What is the highest common factor of l and 26?
13
Let k = -156437 + 156440. Let t = 7 - -5. What is the greatest common divisor of k and t?
3
Suppose 0 = 5*r - 3*y + 141 - 882, y - 314 = -2*r. Suppose 8*q - 170 = 3*q. What is the highest common factor of q and r?
17
Suppose -58*t + 41979 = -14589 - 852. What is the greatest common factor of 270 and t?
90
Suppose -3*k + 5351 = 5*f, -32*f + 36*f - 4*k = 4236. What is the greatest common divisor of 26 and f?
26
Let i be (1 + (-5)/3)*15. Let y be 175 - 5/(i/(-6)). Let g(l) = -558*l - 3863. Let f be g(-7). What is the greatest common divisor of f and y?
43
Let n = 20561 - 20525. Let q be (-328)/(-6) - 2/3. What is the highest common divisor of q and n?
18
Let f be (-325724)/(-280) + (-6)/20 - -3. Calculate the greatest common divisor of 1802 and f.
106
Let t be 238/(-119) + 6 + 2/2. Calculate the highest common divisor of 505 and t.
5
Let s(k) = 13*k**2 - 271*k + 1385. Let f be s(5). What is the highest common factor of 1349 and f?
71
Let z = 5008 - 4962. Calculate the greatest common divisor of z and 299.
23
Let z be (4 - 2)/((14/77)/1). Let d be ((-44)/z)/(20/(-925)). Calculate the greatest common divisor of d and 37.
37
Let o = -30089 + 33012. What is the highest common factor of o and 555?
37
Suppose 0 = 15*z - 13*z + 4*u - 40, -4*u - 128 = -5*z. Suppose -z*f - 363 = -35*f. Calculate the highest common divisor of f and 110.
11
Let i = 20653 - 20526. Calculate the highest common divisor of i and 2032.
127
Let f(r) = 139*r + 1991. Let t be f(-14). Calculate the highest common divisor of t and 1185.
15
Let a(p) = 99*p + 15856. Let b be a(-160). Calculate the greatest common factor of b and 31120.
16
Let w be -114 + 133 + 0 + 2. What is the highest common factor of 10983 and w?
21
Let l be 37821/161 + 21 + 2/23. Calculate the greatest common factor of 96 and l.
32
Let f(r) = -24*r**2 - 9*r + 21. Let p be f(3). Let x = -207 - p. Calculate the highest common diviso